{"id":7036,"date":"2014-05-09T12:37:28","date_gmt":"2014-05-09T11:37:28","guid":{"rendered":"https:\/\/www.salutesviluppo.org\/amerique-du-sud\/"},"modified":"2024-08-06T14:00:51","modified_gmt":"2024-08-06T13:00:51","slug":"amerique-du-sud","status":"publish","type":"page","link":"https:\/\/salutesviluppo.org\/fr\/amerique-du-sud\/","title":{"rendered":"Am\u00e9rique du Sud"},"content":{"rendered":"<p>[vc_row][vc_column width=\u00a0\u00bb1\/1&Prime;][vc_column_text]<\/p>\n<h3>P\u00e9rou<\/h3>\n<p>SeS met en \u0153uvre des projets de soutien alimentaire pour les personnes touch\u00e9es par le VIH\/SIDA assist\u00e9es dans le Hogar S. Camillo \u00e0 Lima.<\/p>\n<p>&nbsp;<\/p>\n<h3>Br\u00e9sil<\/h3>\n<p>R\u00e9alise des projets de soins de sant\u00e9, de formation et de placement professionnel pour les adolescents victimes d&rsquo;exploitation sexuelle.<\/p>\n<p>&nbsp;<\/p>\n<h3>Colombie<\/h3>\n<p>Active les projets de d\u00e9veloppement humain.<\/p>\n<p>&nbsp;<\/p>\n<div class=\"center\"><img loading=\"lazy\" decoding=\"async\" class=\"img50 aligncenter size-full wp-image-2210\" src=\"http:\/\/www.salutesviluppo.org\/wp-content\/uploads\/2014\/05\/img_brasile.jpg\" alt=\"img_bresil\" width=\"900\" height=\"800\"><\/div>\n<p>[\/vc_column_text][\/vc_column][\/vc_row][vc_row][vc_column width=\u00a0\u00bb1\/2&Prime;][vc_column_text]<\/p>\n<div class=\"btn-red\"><a href=\"https:\/\/www.salutesviluppo.org\/progetti-realizzati-in-amrica-del-sud\/\">D\u00e9couvrez nos projets r\u00e9alis\u00e9s<\/a><\/div>\n<p>[\/vc_column_text][\/vc_column][vc_column width=\u00a0\u00bb1\/2&Prime;][\/vc_column][\/vc_row]<\/p>\n","protected":false},"excerpt":{"rendered":"<p>[vc_row][vc_column width=\u00a0\u00bb1\/1&Prime;][vc_column_text] P\u00e9rou SeS met en \u0153uvre des projets de soutien alimentaire pour les personnes touch\u00e9es par le VIH\/SIDA assist\u00e9es dans le Hogar S. Camillo \u00e0 Lima. &nbsp; Br\u00e9sil R\u00e9alise des projets de soins de sant\u00e9, de formation et de placement professionnel pour les adolescents victimes d&rsquo;exploitation sexuelle. &nbsp; Colombie Active les projets de d\u00e9veloppement [&hellip;]<\/p>\n","protected":false},"author":2,"featured_media":0,"parent":0,"menu_order":0,"comment_status":"closed","ping_status":"closed","template":"","meta":{"_acf_changed":false,"footnotes":""},"class_list":["post-7036","page","type-page","status-publish","hentry"],"acf":[],"jetpack_sharing_enabled":true,"_links":{"self":[{"href":"https:\/\/salutesviluppo.org\/fr\/wp-json\/wp\/v2\/pages\/7036","targetHints":{"allow":["GET"]}}],"collection":[{"href":"https:\/\/salutesviluppo.org\/fr\/wp-json\/wp\/v2\/pages"}],"about":[{"href":"https:\/\/salutesviluppo.org\/fr\/wp-json\/wp\/v2\/types\/page"}],"author":[{"embeddable":true,"href":"https:\/\/salutesviluppo.org\/fr\/wp-json\/wp\/v2\/users\/2"}],"replies":[{"embeddable":true,"href":"https:\/\/salutesviluppo.org\/fr\/wp-json\/wp\/v2\/comments?post=7036"}],"version-history":[{"count":1,"href":"https:\/\/salutesviluppo.org\/fr\/wp-json\/wp\/v2\/pages\/7036\/revisions"}],"predecessor-version":[{"id":10218,"href":"https:\/\/salutesviluppo.org\/fr\/wp-json\/wp\/v2\/pages\/7036\/revisions\/10218"}],"wp:attachment":[{"href":"https:\/\/salutesviluppo.org\/fr\/wp-json\/wp\/v2\/media?parent=7036"}],"curies":[{"name":"wp","href":"https:\/\/api.w.org\/{rel}","templated":true}]}}

Amérique du Sud

<p>[vc_row][vc_column width= »1/1&Prime;][vc_column_text]</p>
<h3>Pérou</h3>
<p>SeS met en œuvre des projets de soutien alimentaire pour les personnes touchées par le VIH/SIDA assistées dans le Hogar S. Camillo à Lima.</p>
<p>&nbsp;</p>
<h3>Brésil</h3>
<p>Réalise des projets de soins de santé, de formation et de placement professionnel pour les adolescents victimes d&rsquo;exploitation sexuelle.</p>
<p>&nbsp;</p>
<h3>Colombie</h3>
<p>Active les projets de développement humain.</p>
<p>&nbsp;</p>
<div class="center"><img loading="lazy" decoding="async" class="img50 aligncenter size-full wp-image-2210" src="http://www.salutesviluppo.org/wp-content/uploads/2014/05/img_brasile.jpg" alt="img_bresil" width="900" height="800"></div>
<p>[/vc_column_text][/vc_column][/vc_row][vc_row][vc_column width= »1/2&Prime;][vc_column_text]</p>
<div class="btn-red"><a href="https://www.salutesviluppo.org/progetti-realizzati-in-amrica-del-sud/">Découvrez nos projets réalisés</a></div>
<p>[/vc_column_text][/vc_column][vc_column width= »1/2&Prime;][/vc_column][/vc_row]</p>

<p>[vc_row][vc_column width= »1/1&Prime;][vc_column_text] Pérou SeS met en œuvre des projets de soutien alimentaire pour les personnes touchées par le VIH/SIDA assistées dans le Hogar S. Camillo à Lima. &nbsp; Brésil Réalise des projets de soins de santé, de formation et de placement professionnel pour les adolescents victimes d&rsquo;exploitation sexuelle. &nbsp; Colombie Active les projets de développement [&hellip;]</p>
